0, -4*x + 11*f = 15*f - 30240. Calculate the greatest common factor of x and 18.
6
Let r = 1893 + -1842. Let y be (-9)/(-15) - 422/(-5). What is the greatest common factor of y and r?
17
Let j(i) = -i**2 + 20*i + 4. Suppose -5*p - 171 = -276. Let l be j(p). Let x(v) = -18*v - 42. Let g be x(l). What is the highest common divisor of 24 and g?
24
Suppose 3*t + 3*p - 60 = 0, -3*t + p + 55 = t. Suppose -5*w = 116 - 456. Let s = -38 + w. Calculate the greatest common divisor of s and t.
15
Suppose -3*v = 4*d - 308, -94 = 20*v - 21*v + 3*d. Let l = -18 - -98. Calculate the greatest common divisor of l and v.
20
Let r(d) = -d**3 - 13*d**2 + 32*d + 135. Let f be r(-15). Suppose -4*l + 98 + 70 = 0. What is the highest common factor of f and l?
21
Let y(b) = 11*b - 29. Let p be y(18). Suppose 463 = 3*t + p. Let q = t + -64. What is the highest common factor of q and 102?
34
Let z(w) = -w**3 + 39*w**2 - 225*w + 42. Let v be z(32). What is the highest common divisor of 11030 and v?
10
Suppose 13055*i - 35520 = 13052*i. Calculate the highest common divisor of 16 and i.
16
Suppose -3*m - 11*k = -15*k - 1140, -4*m = -4*k - 1528. Calculate the highest common divisor of m and 16102.
194
Let x = 34 - -23. Suppose 3*s + 3*z = 27, -3*z = s - 5*s + x. Suppose -2*i - 66 + 244 = 2*p, 2*p - 2*i - 158 = 0. What is the highest common factor of s and p?
12
Suppose -5*m = o - 27, -162*m = 3*o - 157*m - 71. Let g = -153 - -219. Calculate the greatest common divisor of g and o.
22
Suppose -3*p - 3*f - 348 + 420 = 0, -3*f = 0. Let v(d) = d**2 + 2*d**3 - 2*d**3 + 4*d**3. Let i be v(2). What is the highest common factor of p and i?
12
Let x(z) = 2030*z**2 + 3*z. Let v be x(1). Calculate the greatest common divisor of 107 and v.
107
Let p(s) = 11*s**2 + 209*s + 117. Let n be p(-19). What is the highest common factor of 1833 and n?
39
Let y = -447 + 543. What is the greatest common factor of y and 360?
24
Let o(r) = 4*r**3 + 8*r**2 + 13*r + 6. Let h be o(-3). Let x = -49 - h. Suppose 0 = 7*y - 3*y - 80. Calculate the greatest common factor of y and x.
20
Let l = -219 - -330. Let u(n) = -4*n + 3*n + 2 - 17*n. Let i be u(-4). What is the highest common factor of i and l?
37
Suppose 5*c + 35 = -b, -1 - 4 = -b + 5*c. Let m be (-124)/(-6) + (10/b - -2). Calculate the greatest common divisor of 297 and m.
11
Let m = 6967 + -5173. Calculate the highest common factor of 207 and m.
69
Suppose -11577 = 7*k + 10*k. Let j = -411 - k. What is the greatest common factor of j and 60?
30
Let w = -765 - -806. Calculate the highest common divisor of w and 4.
1
Let y = -184 + 197. Let r be (-2)/y + 5085/13. Calculate the highest common divisor of r and 17.
17
Let s = -20784 - -23444. Calculate the greatest common factor of 700 and s.
140
Suppose 0 = w + z - 135, -2*w + 5*z + 252 = z. What is the greatest common divisor of 781 and w?
11
Suppose 342 = 5*u - 2*m, 0 = -2*u + 5*m + 73 + 68. Calculate the greatest common factor of u and 10676.
68
Suppose 0 = -6*i + 252 + 48. Let v = i - 26. What is the highest common divisor of 18 and v?
6
Let l = -653 - -654. What is the highest common factor of 23 and l?
1
Let z be 708/18*3*1. Let b = z - 82. Calculate the greatest common factor of b and 6.
6
Let w = -1210 - -1390. What is the greatest common factor of 20 and w?
20
Suppose 3*n - 20845 = 3*c + 7502, -4*c = 4*n - 37780. What is the greatest common divisor of n and 564?
141
Let q = -212 + 345. Let g = 210559 + -210502. What is the greatest common divisor of g and q?
19
Suppose 18*t = 17*g - 13*g + 72, -2*g = 5*t - 48. Let i(u) = 2*u + 2. Let w be i(-7). Let a be 436/16 - g/w. Calculate the highest common divisor of 14 and a.
14
Let w(a) = 27*a - 83. Suppose -f + 4*f = 5*l + 32, 4*f + 3*l - 33 = 0. Let z be w(f). Calculate the greatest common divisor of z and 128.
32
Suppose 330 + 70 = 4*s. Let l be 20/3*-1*3423/(-2282). What is the greatest common divisor of l and s?
10
Let g(p) = p - 19. Let s be g(22). Let b be 30/(s/45*6*5). Calculate the greatest common factor of b and 24.
3
Suppose 0 = 3*l + k - 127, 4*l + 5*k - 10*k - 163 = 0. Calculate the highest common divisor of 1484 and l.
14
Let j(o) = -o**3 + 14*o**2 + 25*o + 196. Let i be j(-11). What is the greatest common factor of 6 and i?
6
Let v be 20/50*(2 + 0 + 4348). Calculate the greatest common factor of 928 and v.
116
Let o = 258 - 207. Suppose o*a - 47*a - 540 = 0. Calculate the greatest common divisor of a and 54.
27
Let c be (-1)/4 - ((-108)/(-16) + 5). Let z be 27/c*64/(-12). Let b(k) = k + 30. Let g be b(0). What is the greatest common divisor of z and g?
6
Let d = 8978 - 7754. What is the highest common factor of 288 and d?
72
Let k = 92 - 92. Let b(u) = -10*u + 154. Let j be b(k). Calculate the greatest common divisor of j and 14.
14
Let t(r) = -2*r**3 - 4*r**2 - 2*r + 8. Let d be t(-4). Suppose 0*x - d = 10*x. Let c be (22/x + 4)/((-1)/(-4)). Calculate the highest common factor of c and 1.
1
Let p(b) be the third derivative of -7*b**4/12 + 23*b**3/3 - 18*b**2. Let r be p(2). Calculate the greatest common factor of r and 171.
9
Let g be 1/(-3) + -10 + (-98)/(-6). Let i be 171/(2 - 3/g). What is the greatest common factor of i and 6?
6
Suppose 0 = -11*w + 107 - 74. Suppose 4 = -2*x + 10. What is the greatest common factor of w and x?
3
Let l = 49 + -40. Suppose -l*u = -3*u - 30. Suppose 29 - 369 = -u*z. Calculate the highest common factor of 17 and z.
17
Let u(d) = 77*d + 2. Let b be u(-1). Let t = b - -97. Suppose 8 + t = f. What is the greatest common divisor of 10 and f?
10
Let z = 4740 + -4467. What is the greatest common factor of 12194 and z?
91
Let o be (-9635)/(585/26 - 23). What is the greatest common divisor of o and 10?
10
Let g(i) = -302*i + 4362. Let y be g(14). Calculate the greatest common divisor of y and 4.
2
Let o = 413 - -1987. What is the greatest common factor of 150 and o?
150
Let o(d) = 92*d**2 - 3*d + 2 - 90*d**2 + d. Let f be o(2). Let h(i) = -i + 32. Let j be h(8). What is the highest common divisor of f and j?
6
Let q be (-5)/(-15)*33*5/10*2. Calculate the highest common factor of q and 39.
1
Let o be ((-24)/(-10))/(6/80). Let c(p) = 59*p**2 + 25*p - 11. Let z be c(-3). Suppose -13*u + 179 = -z. Calculate the highest common factor of o and u.
16
Let u(l) = -l**3 - l**2 + 3*l + 3. Let q be u(-2). Let b be q - 2 - (-64 + 4). What is the greatest common divisor of 118 and b?
59
Suppose z = -3, 4*g = 4*z - 8*z + 1588. Calculate the highest common factor of 325 and g.
25
Suppose -545*c - 344 = -510*c - 2339. Let u be 14 - 12 - (1 + -2). What is the greatest common divisor of c and u?
3
Suppose c - 21 = -2*w + 3, 2*w = 5*c + 48. Suppose 4*b - 114 = w. Suppose 22 = 2*p + 5*j + 6, j = 0. What is the highest common divisor of b and p?
8
Let r(c) = -2*c - 18. Let h be r(-19). Suppose -h = -5*s, 3*m - 2*s - 282 = 8*m. Let d = 64 + m. What is the highest common factor of 24 and d?
6
Let a = -16952 - -19917. Calculate the highest common divisor of a and 15.
5
Suppose 2*m + 451 = 461, -9925 = -5*h + m. What is the greatest common divisor of 6 and h?
6
Let x = -1261 + 1889. Let n = x - 483. Calculate the greatest common divisor of n and 5.
5
Let t = 3497 + -3367. Suppose 50 + 31 = z. Let c = t - z. Calculate the greatest common factor of 7 and c.
7
Let t = 49 - 47. Let a(o) = 2 + 0 + 27 - 2*o + t*o**2. Let d be a(-9). What is the highest common factor of 19 and d?
19
Let r be (-3 - 0/(-3)) + 0 + 83. Let z be (-1)/8 - (-10)/r. Suppose -4*y + 3*n + 2 = 0, -4*y + z*n = 5*n - 18. What is the highest common divisor of 4 and y?
2
Let m = -122 - -113. Let z be 56/6 + 12/m. Calculate the highest common factor of 8 and z.
8
Let w be ((-1375)/(-165))/(1/6). What is the highest common factor of w and 20?
10
Let k be -120 + (-7)/(7/(-8)). Let u = k + 148. Calculate the highest common divisor of 45 and u.
9
Suppose 2*i = s + 66, 3*s = -0*s. Let n(w) = w**3 - 2*w**2 - 28*w + 5. Let b be n(8). What is the greatest common divisor of b and i?
33
Let n(t) = -1145*t + 5005. Let h be n(-6). What is the greatest common divisor of h and 190?
95
Let q(z) = -z**3 - 6*z**2 + 37*z + 22. Let l be q(-11). What is the highest common divisor of 2750 and l?
110
Let d(b) = 7*b + 3. Let o be d(-4). Let r = 71 + -39. Let c = r + o. What is the highest comm